{"id":13471,"date":"2024-07-28T22:13:42","date_gmt":"2024-07-28T22:13:42","guid":{"rendered":"https:\/\/www.idyllica.es\/tienda\/sense%20categoria\/ontanon-natura-2020\/"},"modified":"2024-07-29T06:19:39","modified_gmt":"2024-07-29T06:19:39","slug":"ontanon-natura-2020","status":"publish","type":"product","link":"https:\/\/www.idyllica.es\/ca\/tienda\/vins\/negres\/ontanon-natura-2020\/","title":{"rendered":"Onta\u00f1\u00f3n Natura 2020"},"content":{"rendered":"","protected":false},"excerpt":{"rendered":"<p><strong>Onta\u00f1\u00f3n<\/strong> \u00e9s una bodega familiar amb diverses generacions darrere de la viticultura i l&#8217;elaboraci\u00f3 de vins de qualitat. Ubicada a la capital de la comunitat Riojana, produeixen tant vins de tall tradicional com altres d&#8217;acord amb les noves tend\u00e8ncies de mercat, tots ells respectant un criteri de m\u00e0xima qualitat en totes les seves marques. Onta\u00f1\u00f3n Natura \u00e9s l&#8217;aposta de la bodega per elaborar un vi sense sulfits afegits en cap fase de la producci\u00f3 del ra\u00efm ni durant la vinificaci\u00f3 o embotellat. Elaborat com a monovarietal de Tempranillo de tres parcel\u00b7les a la Serra de Yerga (Rioja Oriental), el most fermenta en acer inoxidable, es neteja i clarifica amb productes d&#8217;origen vegetal abans de passar a envellir en b\u00f3tes de roure franc\u00e8s durant uns 15 mesos i acaba el seu afinat en ampolla.<\/p>\n","protected":false},"featured_media":13291,"comment_status":"open","ping_status":"closed","template":"","meta":[],"product_brand":[],"product_cat":[168,156],"product_tag":[],"class_list":["post-13471","product","type-product","status-publish","has-post-thumbnail","product_cat-negres","product_cat-vins","pa_bodega-cellers-ontanon","pa_denominacion-de-origen-doca-rioja","pa_envejecimiento-crianca","pa_pais-espanya","pa_variedad-ull-de-llebre","first","instock","taxable","shipping-taxable","purchasable","product-type-simple"],"acf":[],"yoast_head":"<!-- This site is optimized with the Yoast SEO Premium plugin v24.6 (Yoast SEO v28.2) - https:\/\/yoast.com\/product\/yoast-seo-premium-wordpress\/ -->\n<title>Onta\u00f1\u00f3n Natura 2020 - Idyllica<\/title>\n<meta name=\"robots\" content=\"index, follow, max-snippet:-1, max-image-preview:large, max-video-preview:-1\" \/>\n<link rel=\"canonical\" href=\"https:\/\/www.idyllica.es\/ca\/tienda\/vins\/negres\/ontanon-natura-2020\/\" \/>\n<meta property=\"og:locale\" content=\"ca_ES\" \/>\n<meta property=\"og:type\" content=\"article\" \/>\n<meta property=\"og:title\" content=\"Onta\u00f1\u00f3n Natura 2020\" \/>\n<meta property=\"og:description\" content=\"Onta\u00f1\u00f3n \u00e9s una bodega familiar amb diverses generacions darrere de la viticultura i l&#039;elaboraci\u00f3 de vins de qualitat. Ubicada a la capital de la comunitat Riojana, produeixen tant vins de tall tradicional com altres d&#039;acord amb les noves tend\u00e8ncies de mercat, tots ells respectant un criteri de m\u00e0xima qualitat en totes les seves marques. Onta\u00f1\u00f3n Natura \u00e9s l&#039;aposta de la bodega per elaborar un vi sense sulfits afegits en cap fase de la producci\u00f3 del ra\u00efm ni durant la vinificaci\u00f3 o embotellat. Elaborat com a monovarietal de Tempranillo de tres parcel\u00b7les a la Serra de Yerga (Rioja Oriental), el most fermenta en acer inoxidable, es neteja i clarifica amb productes d&#039;origen vegetal abans de passar a envellir en b\u00f3tes de roure franc\u00e8s durant uns 15 mesos i acaba el seu afinat en ampolla.\" \/>\n<meta property=\"og:url\" content=\"https:\/\/www.idyllica.es\/ca\/tienda\/vins\/negres\/ontanon-natura-2020\/\" \/>\n<meta property=\"og:site_name\" content=\"Idyllica\" \/>\n<meta property=\"article:modified_time\" content=\"2024-07-29T06:19:39+00:00\" \/>\n<meta property=\"og:image\" content=\"https:\/\/www.idyllica.es\/wp-content\/uploads\/2024\/07\/ontanon-natura_idyllica_.png\" \/>\n\t<meta property=\"og:image:width\" content=\"333\" \/>\n\t<meta property=\"og:image:height\" content=\"949\" \/>\n\t<meta property=\"og:image:type\" content=\"image\/png\" \/>\n<meta name=\"twitter:card\" content=\"summary_large_image\" \/>\n<meta name=\"twitter:label1\" content=\"Temps estimat de lectura\" \/>\n\t<meta name=\"twitter:data1\" content=\"1 minut\" \/>\n<script type=\"application\/ld+json\" class=\"yoast-schema-graph\">{\"@context\":\"https:\\\/\\\/schema.org\",\"@graph\":[{\"@type\":\"WebPage\",\"@id\":\"https:\\\/\\\/www.idyllica.es\\\/ca\\\/tienda\\\/vins\\\/negres\\\/ontanon-natura-2020\\\/\",\"url\":\"https:\\\/\\\/www.idyllica.es\\\/ca\\\/tienda\\\/vins\\\/negres\\\/ontanon-natura-2020\\\/\",\"name\":\"Onta\u00f1\u00f3n Natura 2020 - Idyllica\",\"isPartOf\":{\"@id\":\"https:\\\/\\\/www.idyllica.es\\\/#website\"},\"primaryImageOfPage\":{\"@id\":\"https:\\\/\\\/www.idyllica.es\\\/ca\\\/tienda\\\/vins\\\/negres\\\/ontanon-natura-2020\\\/#primaryimage\"},\"image\":{\"@id\":\"https:\\\/\\\/www.idyllica.es\\\/ca\\\/tienda\\\/vins\\\/negres\\\/ontanon-natura-2020\\\/#primaryimage\"},\"thumbnailUrl\":\"https:\\\/\\\/www.idyllica.es\\\/wp-content\\\/uploads\\\/2024\\\/07\\\/ontanon-natura_idyllica_.png\",\"datePublished\":\"2024-07-28T22:13:42+00:00\",\"dateModified\":\"2024-07-29T06:19:39+00:00\",\"breadcrumb\":{\"@id\":\"https:\\\/\\\/www.idyllica.es\\\/ca\\\/tienda\\\/vins\\\/negres\\\/ontanon-natura-2020\\\/#breadcrumb\"},\"inLanguage\":\"ca\",\"potentialAction\":[{\"@type\":\"ReadAction\",\"target\":[\"https:\\\/\\\/www.idyllica.es\\\/ca\\\/tienda\\\/vins\\\/negres\\\/ontanon-natura-2020\\\/\"]}]},{\"@type\":\"ImageObject\",\"inLanguage\":\"ca\",\"@id\":\"https:\\\/\\\/www.idyllica.es\\\/ca\\\/tienda\\\/vins\\\/negres\\\/ontanon-natura-2020\\\/#primaryimage\",\"url\":\"https:\\\/\\\/www.idyllica.es\\\/wp-content\\\/uploads\\\/2024\\\/07\\\/ontanon-natura_idyllica_.png\",\"contentUrl\":\"https:\\\/\\\/www.idyllica.es\\\/wp-content\\\/uploads\\\/2024\\\/07\\\/ontanon-natura_idyllica_.png\",\"width\":333,\"height\":949},{\"@type\":\"BreadcrumbList\",\"@id\":\"https:\\\/\\\/www.idyllica.es\\\/ca\\\/tienda\\\/vins\\\/negres\\\/ontanon-natura-2020\\\/#breadcrumb\",\"itemListElement\":[{\"@type\":\"ListItem\",\"position\":1,\"name\":\"Portada\",\"item\":\"https:\\\/\\\/www.idyllica.es\\\/en\\\/\"},{\"@type\":\"ListItem\",\"position\":2,\"name\":\"Shop\",\"item\":\"https:\\\/\\\/www.idyllica.es\\\/ca\\\/shop\\\/\"},{\"@type\":\"ListItem\",\"position\":3,\"name\":\"Onta\u00f1\u00f3n Natura 2020\"}]},{\"@type\":\"WebSite\",\"@id\":\"https:\\\/\\\/www.idyllica.es\\\/#website\",\"url\":\"https:\\\/\\\/www.idyllica.es\\\/\",\"name\":\"Idyllica\",\"description\":\"Otro sitio realizado con WordPress\",\"potentialAction\":[{\"@type\":\"SearchAction\",\"target\":{\"@type\":\"EntryPoint\",\"urlTemplate\":\"https:\\\/\\\/www.idyllica.es\\\/?s={search_term_string}\"},\"query-input\":{\"@type\":\"PropertyValueSpecification\",\"valueRequired\":true,\"valueName\":\"search_term_string\"}}],\"inLanguage\":\"ca\"}]}<\/script>\n<!-- \/ Yoast SEO Premium plugin. -->","yoast_head_json":{"title":"Onta\u00f1\u00f3n Natura 2020 - Idyllica","robots":{"index":"index","follow":"follow","max-snippet":"max-snippet:-1","max-image-preview":"max-image-preview:large","max-video-preview":"max-video-preview:-1"},"canonical":"https:\/\/www.idyllica.es\/ca\/tienda\/vins\/negres\/ontanon-natura-2020\/","og_locale":"ca_ES","og_type":"article","og_title":"Onta\u00f1\u00f3n Natura 2020","og_description":"Onta\u00f1\u00f3n \u00e9s una bodega familiar amb diverses generacions darrere de la viticultura i l'elaboraci\u00f3 de vins de qualitat. Ubicada a la capital de la comunitat Riojana, produeixen tant vins de tall tradicional com altres d'acord amb les noves tend\u00e8ncies de mercat, tots ells respectant un criteri de m\u00e0xima qualitat en totes les seves marques. Onta\u00f1\u00f3n Natura \u00e9s l'aposta de la bodega per elaborar un vi sense sulfits afegits en cap fase de la producci\u00f3 del ra\u00efm ni durant la vinificaci\u00f3 o embotellat. Elaborat com a monovarietal de Tempranillo de tres parcel\u00b7les a la Serra de Yerga (Rioja Oriental), el most fermenta en acer inoxidable, es neteja i clarifica amb productes d'origen vegetal abans de passar a envellir en b\u00f3tes de roure franc\u00e8s durant uns 15 mesos i acaba el seu afinat en ampolla.","og_url":"https:\/\/www.idyllica.es\/ca\/tienda\/vins\/negres\/ontanon-natura-2020\/","og_site_name":"Idyllica","article_modified_time":"2024-07-29T06:19:39+00:00","og_image":[{"width":333,"height":949,"url":"https:\/\/www.idyllica.es\/wp-content\/uploads\/2024\/07\/ontanon-natura_idyllica_.png","type":"image\/png"}],"twitter_card":"summary_large_image","twitter_misc":{"Temps estimat de lectura":"1 minut"},"schema":{"@context":"https:\/\/schema.org","@graph":[{"@type":"WebPage","@id":"https:\/\/www.idyllica.es\/ca\/tienda\/vins\/negres\/ontanon-natura-2020\/","url":"https:\/\/www.idyllica.es\/ca\/tienda\/vins\/negres\/ontanon-natura-2020\/","name":"Onta\u00f1\u00f3n Natura 2020 - Idyllica","isPartOf":{"@id":"https:\/\/www.idyllica.es\/#website"},"primaryImageOfPage":{"@id":"https:\/\/www.idyllica.es\/ca\/tienda\/vins\/negres\/ontanon-natura-2020\/#primaryimage"},"image":{"@id":"https:\/\/www.idyllica.es\/ca\/tienda\/vins\/negres\/ontanon-natura-2020\/#primaryimage"},"thumbnailUrl":"https:\/\/www.idyllica.es\/wp-content\/uploads\/2024\/07\/ontanon-natura_idyllica_.png","datePublished":"2024-07-28T22:13:42+00:00","dateModified":"2024-07-29T06:19:39+00:00","breadcrumb":{"@id":"https:\/\/www.idyllica.es\/ca\/tienda\/vins\/negres\/ontanon-natura-2020\/#breadcrumb"},"inLanguage":"ca","potentialAction":[{"@type":"ReadAction","target":["https:\/\/www.idyllica.es\/ca\/tienda\/vins\/negres\/ontanon-natura-2020\/"]}]},{"@type":"ImageObject","inLanguage":"ca","@id":"https:\/\/www.idyllica.es\/ca\/tienda\/vins\/negres\/ontanon-natura-2020\/#primaryimage","url":"https:\/\/www.idyllica.es\/wp-content\/uploads\/2024\/07\/ontanon-natura_idyllica_.png","contentUrl":"https:\/\/www.idyllica.es\/wp-content\/uploads\/2024\/07\/ontanon-natura_idyllica_.png","width":333,"height":949},{"@type":"BreadcrumbList","@id":"https:\/\/www.idyllica.es\/ca\/tienda\/vins\/negres\/ontanon-natura-2020\/#breadcrumb","itemListElement":[{"@type":"ListItem","position":1,"name":"Portada","item":"https:\/\/www.idyllica.es\/en\/"},{"@type":"ListItem","position":2,"name":"Shop","item":"https:\/\/www.idyllica.es\/ca\/shop\/"},{"@type":"ListItem","position":3,"name":"Onta\u00f1\u00f3n Natura 2020"}]},{"@type":"WebSite","@id":"https:\/\/www.idyllica.es\/#website","url":"https:\/\/www.idyllica.es\/","name":"Idyllica","description":"Otro sitio realizado con WordPress","potentialAction":[{"@type":"SearchAction","target":{"@type":"EntryPoint","urlTemplate":"https:\/\/www.idyllica.es\/?s={search_term_string}"},"query-input":{"@type":"PropertyValueSpecification","valueRequired":true,"valueName":"search_term_string"}}],"inLanguage":"ca"}]}},"_links":{"self":[{"href":"https:\/\/www.idyllica.es\/ca\/wp-json\/wp\/v2\/product\/13471","targetHints":{"allow":["GET"]}}],"collection":[{"href":"https:\/\/www.idyllica.es\/ca\/wp-json\/wp\/v2\/product"}],"about":[{"href":"https:\/\/www.idyllica.es\/ca\/wp-json\/wp\/v2\/types\/product"}],"replies":[{"embeddable":true,"href":"https:\/\/www.idyllica.es\/ca\/wp-json\/wp\/v2\/comments?post=13471"}],"wp:featuredmedia":[{"embeddable":true,"href":"https:\/\/www.idyllica.es\/ca\/wp-json\/wp\/v2\/media\/13291"}],"wp:attachment":[{"href":"https:\/\/www.idyllica.es\/ca\/wp-json\/wp\/v2\/media?parent=13471"}],"wp:term":[{"taxonomy":"product_brand","embeddable":true,"href":"https:\/\/www.idyllica.es\/ca\/wp-json\/wp\/v2\/product_brand?post=13471"},{"taxonomy":"product_cat","embeddable":true,"href":"https:\/\/www.idyllica.es\/ca\/wp-json\/wp\/v2\/product_cat?post=13471"},{"taxonomy":"product_tag","embeddable":true,"href":"https:\/\/www.idyllica.es\/ca\/wp-json\/wp\/v2\/product_tag?post=13471"}],"curies":[{"name":"wp","href":"https:\/\/api.w.org\/{rel}","templated":true}]}}

Ontañón Natura 2020

<p><strong>Ontañón</strong> és una bodega familiar amb diverses generacions darrere de la viticultura i l&#8217;elaboració de vins de qualitat. Ubicada a la capital de la comunitat Riojana, produeixen tant vins de tall tradicional com altres d&#8217;acord amb les noves tendències de mercat, tots ells respectant un criteri de màxima qualitat en totes les seves marques. Ontañón Natura és l&#8217;aposta de la bodega per elaborar un vi sense sulfits afegits en cap fase de la producció del raïm ni durant la vinificació o embotellat. Elaborat com a monovarietal de Tempranillo de tres parcel·les a la Serra de Yerga (Rioja Oriental), el most fermenta en acer inoxidable, es neteja i clarifica amb productes d&#8217;origen vegetal abans de passar a envellir en bótes de roure francès durant uns 15 mesos i acaba el seu afinat en ampolla.</p>

<!-- This site is optimized with the Yoast SEO Premium plugin v24.6 (Yoast SEO v28.2) - https://yoast.com/product/yoast-seo-premium-wordpress/ -->
<title>Ontañón Natura 2020 - Idyllica</title>
<meta name="robots" content="index, follow, max-snippet:-1, max-image-preview:large, max-video-preview:-1" />
<link rel="canonical" href="https://www.idyllica.es/ca/tienda/vins/negres/ontanon-natura-2020/" />
<meta property="og:locale" content="ca_ES" />
<meta property="og:type" content="article" />
<meta property="og:title" content="Ontañón Natura 2020" />
<meta property="og:description" content="Ontañón és una bodega familiar amb diverses generacions darrere de la viticultura i l&#039;elaboració de vins de qualitat. Ubicada a la capital de la comunitat Riojana, produeixen tant vins de tall tradicional com altres d&#039;acord amb les noves tendències de mercat, tots ells respectant un criteri de màxima qualitat en totes les seves marques. Ontañón Natura és l&#039;aposta de la bodega per elaborar un vi sense sulfits afegits en cap fase de la producció del raïm ni durant la vinificació o embotellat. Elaborat com a monovarietal de Tempranillo de tres parcel·les a la Serra de Yerga (Rioja Oriental), el most fermenta en acer inoxidable, es neteja i clarifica amb productes d&#039;origen vegetal abans de passar a envellir en bótes de roure francès durant uns 15 mesos i acaba el seu afinat en ampolla." />
<meta property="og:url" content="https://www.idyllica.es/ca/tienda/vins/negres/ontanon-natura-2020/" />
<meta property="og:site_name" content="Idyllica" />
<meta property="article:modified_time" content="2024-07-29T06:19:39+00:00" />
<meta property="og:image" content="https://www.idyllica.es/wp-content/uploads/2024/07/ontanon-natura_idyllica_.png" />
	<meta property="og:image:width" content="333" />
	<meta property="og:image:height" content="949" />
	<meta property="og:image:type" content="image/png" />
<meta name="twitter:card" content="summary_large_image" />
<meta name="twitter:label1" content="Temps estimat de lectura" />
	<meta name="twitter:data1" content="1 minut" />
<script type="application/ld+json" class="yoast-schema-graph">{"@context":"https:\/\/schema.org","@graph":[{"@type":"WebPage","@id":"https:\/\/www.idyllica.es\/ca\/tienda\/vins\/negres\/ontanon-natura-2020\/","url":"https:\/\/www.idyllica.es\/ca\/tienda\/vins\/negres\/ontanon-natura-2020\/","name":"Ontañón Natura 2020 - Idyllica","isPartOf":{"@id":"https:\/\/www.idyllica.es\/#website"},"primaryImageOfPage":{"@id":"https:\/\/www.idyllica.es\/ca\/tienda\/vins\/negres\/ontanon-natura-2020\/#primaryimage"},"image":{"@id":"https:\/\/www.idyllica.es\/ca\/tienda\/vins\/negres\/ontanon-natura-2020\/#primaryimage"},"thumbnailUrl":"https:\/\/www.idyllica.es\/wp-content\/uploads\/2024\/07\/ontanon-natura_idyllica_.png","datePublished":"2024-07-28T22:13:42+00:00","dateModified":"2024-07-29T06:19:39+00:00","breadcrumb":{"@id":"https:\/\/www.idyllica.es\/ca\/tienda\/vins\/negres\/ontanon-natura-2020\/#breadcrumb"},"inLanguage":"ca","potentialAction":[{"@type":"ReadAction","target":["https:\/\/www.idyllica.es\/ca\/tienda\/vins\/negres\/ontanon-natura-2020\/"]}]},{"@type":"ImageObject","inLanguage":"ca","@id":"https:\/\/www.idyllica.es\/ca\/tienda\/vins\/negres\/ontanon-natura-2020\/#primaryimage","url":"https:\/\/www.idyllica.es\/wp-content\/uploads\/2024\/07\/ontanon-natura_idyllica_.png","contentUrl":"https:\/\/www.idyllica.es\/wp-content\/uploads\/2024\/07\/ontanon-natura_idyllica_.png","width":333,"height":949},{"@type":"BreadcrumbList","@id":"https:\/\/www.idyllica.es\/ca\/tienda\/vins\/negres\/ontanon-natura-2020\/#breadcrumb","itemListElement":[{"@type":"ListItem","position":1,"name":"Portada","item":"https:\/\/www.idyllica.es\/en\/"},{"@type":"ListItem","position":2,"name":"Shop","item":"https:\/\/www.idyllica.es\/ca\/shop\/"},{"@type":"ListItem","position":3,"name":"Ontañón Natura 2020"}]},{"@type":"WebSite","@id":"https:\/\/www.idyllica.es\/#website","url":"https:\/\/www.idyllica.es\/","name":"Idyllica","description":"Otro sitio realizado con WordPress","potentialAction":[{"@type":"SearchAction","target":{"@type":"EntryPoint","urlTemplate":"https:\/\/www.idyllica.es\/?s={search_term_string}"},"query-input":{"@type":"PropertyValueSpecification","valueRequired":true,"valueName":"search_term_string"}}],"inLanguage":"ca"}]}</script>
<!-- / Yoast SEO Premium plugin. -->

Ontañón Natura 2020 - Idyllica

Ontañón és una bodega familiar amb diverses generacions darrere de la viticultura i l'elaboració de vins de qualitat. Ubicada a la capital de la comunitat Riojana, produeixen tant vins de tall tradicional com altres d'acord amb les noves tendències de mercat, tots ells respectant un criteri de màxima qualitat en totes les seves marques. Ontañón Natura és l'aposta de la bodega per elaborar un vi sense sulfits afegits en cap fase de la producció del raïm ni durant la vinificació o embotellat. Elaborat com a monovarietal de Tempranillo de tres parcel·les a la Serra de Yerga (Rioja Oriental), el most fermenta en acer inoxidable, es neteja i clarifica amb productes d'origen vegetal abans de passar a envellir en bótes de roure francès durant uns 15 mesos i acaba el seu afinat en ampolla.
