{"id":8695,"date":"2023-04-24T17:04:56","date_gmt":"2023-04-24T17:04:56","guid":{"rendered":"https:\/\/www.idyllica.es\/tienda\/Sense%20categoria\/artadi-el-pison\/"},"modified":"2024-06-11T08:14:50","modified_gmt":"2024-06-11T08:14:50","slug":"artadi-el-pison-2015","status":"publish","type":"product","link":"https:\/\/www.idyllica.es\/ca\/tienda\/vins\/negres\/artadi-el-pison-2015\/","title":{"rendered":"Artadi El Pis\u00f3n 2015"},"content":{"rendered":"<p>Vermell picota. Al nas destaquen les aromes florals, de fruita vermella i esp\u00e8cies. A la boca \u00e9s equilibrat, bon volum i tanins dol\u00e7os.<\/p>\n","protected":false},"excerpt":{"rendered":"<p>Artadi El Pis\u00f3n \u00e9s el primer vi parcel.lari del celler Artadi, plantat el 1945 a Laguardia (Rioja Alavesa), 100% amb Tempranillo. El celler de gesti\u00f3 familiar dirigit per en Juan Carlos L\u00f3pez de Lacalle i els seus fills, va decidir sortir-se&#8217;n de la Denominaci\u00f3 d&#8217;Origen Qualificada i seguir el seu cam\u00ed com a &#8220;Vino de \u00c1lava-Laguardia&#8221;, al Pa\u00eds Basc. Realitza la fermentaci\u00f3 dins de b\u00f3tes noves de roure franc\u00e8s de 500lts i descansa en roure entre 9 i 12 mesos<\/p>\n","protected":false},"featured_media":5914,"comment_status":"open","ping_status":"closed","template":"","meta":[],"product_brand":[],"product_cat":[168,156],"product_tag":[],"class_list":["post-8695","product","type-product","status-publish","has-post-thumbnail","product_cat-negres","product_cat-vins","pa_bodega-cellers-artadi","pa_envejecimiento-crianca","first","outofstock","taxable","shipping-taxable","purchasable","product-type-simple"],"acf":[],"yoast_head":"<!-- This site is optimized with the Yoast SEO Premium plugin v24.6 (Yoast SEO v28.2) - https:\/\/yoast.com\/product\/yoast-seo-premium-wordpress\/ -->\n<title>Artadi El Pis\u00f3n 2015 - Idyllica<\/title>\n<meta name=\"robots\" content=\"index, follow, max-snippet:-1, max-image-preview:large, max-video-preview:-1\" \/>\n<link rel=\"canonical\" href=\"https:\/\/www.idyllica.es\/ca\/tienda\/vins\/negres\/artadi-el-pison-2015\/\" \/>\n<meta property=\"og:locale\" content=\"ca_ES\" \/>\n<meta property=\"og:type\" content=\"article\" \/>\n<meta property=\"og:title\" content=\"Artadi El Pis\u00f3n 2015\" \/>\n<meta property=\"og:description\" content=\"Artadi El Pis\u00f3n \u00e9s el primer vi parcel.lari del celler Artadi, plantat el 1945 a Laguardia (Rioja Alavesa), 100% amb Tempranillo. El celler de gesti\u00f3 familiar dirigit per en Juan Carlos L\u00f3pez de Lacalle i els seus fills, va decidir sortir-se&#039;n de la Denominaci\u00f3 d&#039;Origen Qualificada i seguir el seu cam\u00ed com a &quot;Vino de \u00c1lava-Laguardia&quot;, al Pa\u00eds Basc. Realitza la fermentaci\u00f3 dins de b\u00f3tes noves de roure franc\u00e8s de 500lts i descansa en roure entre 9 i 12 mesos\" \/>\n<meta property=\"og:url\" content=\"https:\/\/www.idyllica.es\/ca\/tienda\/vins\/negres\/artadi-el-pison-2015\/\" \/>\n<meta property=\"og:site_name\" content=\"Idyllica\" \/>\n<meta property=\"article:modified_time\" content=\"2024-06-11T08:14:50+00:00\" \/>\n<meta property=\"og:image\" content=\"https:\/\/www.idyllica.es\/wp-content\/uploads\/2022\/06\/el_pison_1.jpg\" \/>\n\t<meta property=\"og:image:width\" content=\"333\" \/>\n\t<meta property=\"og:image:height\" content=\"900\" \/>\n\t<meta property=\"og:image:type\" content=\"image\/jpeg\" \/>\n<meta name=\"twitter:card\" content=\"summary_large_image\" \/>\n<meta name=\"twitter:label1\" content=\"Temps estimat de lectura\" \/>\n\t<meta name=\"twitter:data1\" content=\"1 minut\" \/>\n<script type=\"application\/ld+json\" class=\"yoast-schema-graph\">{\"@context\":\"https:\\\/\\\/schema.org\",\"@graph\":[{\"@type\":\"WebPage\",\"@id\":\"https:\\\/\\\/www.idyllica.es\\\/ca\\\/tienda\\\/vins\\\/negres\\\/artadi-el-pison-2015\\\/\",\"url\":\"https:\\\/\\\/www.idyllica.es\\\/ca\\\/tienda\\\/vins\\\/negres\\\/artadi-el-pison-2015\\\/\",\"name\":\"Artadi El Pis\u00f3n 2015 - Idyllica\",\"isPartOf\":{\"@id\":\"https:\\\/\\\/www.idyllica.es\\\/#website\"},\"primaryImageOfPage\":{\"@id\":\"https:\\\/\\\/www.idyllica.es\\\/ca\\\/tienda\\\/vins\\\/negres\\\/artadi-el-pison-2015\\\/#primaryimage\"},\"image\":{\"@id\":\"https:\\\/\\\/www.idyllica.es\\\/ca\\\/tienda\\\/vins\\\/negres\\\/artadi-el-pison-2015\\\/#primaryimage\"},\"thumbnailUrl\":\"https:\\\/\\\/www.idyllica.es\\\/wp-content\\\/uploads\\\/2022\\\/06\\\/el_pison_1.jpg\",\"datePublished\":\"2023-04-24T17:04:56+00:00\",\"dateModified\":\"2024-06-11T08:14:50+00:00\",\"breadcrumb\":{\"@id\":\"https:\\\/\\\/www.idyllica.es\\\/ca\\\/tienda\\\/vins\\\/negres\\\/artadi-el-pison-2015\\\/#breadcrumb\"},\"inLanguage\":\"ca\",\"potentialAction\":[{\"@type\":\"ReadAction\",\"target\":[\"https:\\\/\\\/www.idyllica.es\\\/ca\\\/tienda\\\/vins\\\/negres\\\/artadi-el-pison-2015\\\/\"]}]},{\"@type\":\"ImageObject\",\"inLanguage\":\"ca\",\"@id\":\"https:\\\/\\\/www.idyllica.es\\\/ca\\\/tienda\\\/vins\\\/negres\\\/artadi-el-pison-2015\\\/#primaryimage\",\"url\":\"https:\\\/\\\/www.idyllica.es\\\/wp-content\\\/uploads\\\/2022\\\/06\\\/el_pison_1.jpg\",\"contentUrl\":\"https:\\\/\\\/www.idyllica.es\\\/wp-content\\\/uploads\\\/2022\\\/06\\\/el_pison_1.jpg\",\"width\":333,\"height\":900,\"caption\":\"Artadi El Pis\u00f3n 2015\"},{\"@type\":\"BreadcrumbList\",\"@id\":\"https:\\\/\\\/www.idyllica.es\\\/ca\\\/tienda\\\/vins\\\/negres\\\/artadi-el-pison-2015\\\/#breadcrumb\",\"itemListElement\":[{\"@type\":\"ListItem\",\"position\":1,\"name\":\"Portada\",\"item\":\"https:\\\/\\\/www.idyllica.es\\\/en\\\/\"},{\"@type\":\"ListItem\",\"position\":2,\"name\":\"Shop\",\"item\":\"https:\\\/\\\/www.idyllica.es\\\/ca\\\/shop\\\/\"},{\"@type\":\"ListItem\",\"position\":3,\"name\":\"Artadi El Pis\u00f3n 2015\"}]},{\"@type\":\"WebSite\",\"@id\":\"https:\\\/\\\/www.idyllica.es\\\/#website\",\"url\":\"https:\\\/\\\/www.idyllica.es\\\/\",\"name\":\"Idyllica\",\"description\":\"Otro sitio realizado con WordPress\",\"potentialAction\":[{\"@type\":\"SearchAction\",\"target\":{\"@type\":\"EntryPoint\",\"urlTemplate\":\"https:\\\/\\\/www.idyllica.es\\\/?s={search_term_string}\"},\"query-input\":{\"@type\":\"PropertyValueSpecification\",\"valueRequired\":true,\"valueName\":\"search_term_string\"}}],\"inLanguage\":\"ca\"}]}<\/script>\n<!-- \/ Yoast SEO Premium plugin. -->","yoast_head_json":{"title":"Artadi El Pis\u00f3n 2015 - Idyllica","robots":{"index":"index","follow":"follow","max-snippet":"max-snippet:-1","max-image-preview":"max-image-preview:large","max-video-preview":"max-video-preview:-1"},"canonical":"https:\/\/www.idyllica.es\/ca\/tienda\/vins\/negres\/artadi-el-pison-2015\/","og_locale":"ca_ES","og_type":"article","og_title":"Artadi El Pis\u00f3n 2015","og_description":"Artadi El Pis\u00f3n \u00e9s el primer vi parcel.lari del celler Artadi, plantat el 1945 a Laguardia (Rioja Alavesa), 100% amb Tempranillo. El celler de gesti\u00f3 familiar dirigit per en Juan Carlos L\u00f3pez de Lacalle i els seus fills, va decidir sortir-se'n de la Denominaci\u00f3 d'Origen Qualificada i seguir el seu cam\u00ed com a \"Vino de \u00c1lava-Laguardia\", al Pa\u00eds Basc. Realitza la fermentaci\u00f3 dins de b\u00f3tes noves de roure franc\u00e8s de 500lts i descansa en roure entre 9 i 12 mesos","og_url":"https:\/\/www.idyllica.es\/ca\/tienda\/vins\/negres\/artadi-el-pison-2015\/","og_site_name":"Idyllica","article_modified_time":"2024-06-11T08:14:50+00:00","og_image":[{"width":333,"height":900,"url":"https:\/\/www.idyllica.es\/wp-content\/uploads\/2022\/06\/el_pison_1.jpg","type":"image\/jpeg"}],"twitter_card":"summary_large_image","twitter_misc":{"Temps estimat de lectura":"1 minut"},"schema":{"@context":"https:\/\/schema.org","@graph":[{"@type":"WebPage","@id":"https:\/\/www.idyllica.es\/ca\/tienda\/vins\/negres\/artadi-el-pison-2015\/","url":"https:\/\/www.idyllica.es\/ca\/tienda\/vins\/negres\/artadi-el-pison-2015\/","name":"Artadi El Pis\u00f3n 2015 - Idyllica","isPartOf":{"@id":"https:\/\/www.idyllica.es\/#website"},"primaryImageOfPage":{"@id":"https:\/\/www.idyllica.es\/ca\/tienda\/vins\/negres\/artadi-el-pison-2015\/#primaryimage"},"image":{"@id":"https:\/\/www.idyllica.es\/ca\/tienda\/vins\/negres\/artadi-el-pison-2015\/#primaryimage"},"thumbnailUrl":"https:\/\/www.idyllica.es\/wp-content\/uploads\/2022\/06\/el_pison_1.jpg","datePublished":"2023-04-24T17:04:56+00:00","dateModified":"2024-06-11T08:14:50+00:00","breadcrumb":{"@id":"https:\/\/www.idyllica.es\/ca\/tienda\/vins\/negres\/artadi-el-pison-2015\/#breadcrumb"},"inLanguage":"ca","potentialAction":[{"@type":"ReadAction","target":["https:\/\/www.idyllica.es\/ca\/tienda\/vins\/negres\/artadi-el-pison-2015\/"]}]},{"@type":"ImageObject","inLanguage":"ca","@id":"https:\/\/www.idyllica.es\/ca\/tienda\/vins\/negres\/artadi-el-pison-2015\/#primaryimage","url":"https:\/\/www.idyllica.es\/wp-content\/uploads\/2022\/06\/el_pison_1.jpg","contentUrl":"https:\/\/www.idyllica.es\/wp-content\/uploads\/2022\/06\/el_pison_1.jpg","width":333,"height":900,"caption":"Artadi El Pis\u00f3n 2015"},{"@type":"BreadcrumbList","@id":"https:\/\/www.idyllica.es\/ca\/tienda\/vins\/negres\/artadi-el-pison-2015\/#breadcrumb","itemListElement":[{"@type":"ListItem","position":1,"name":"Portada","item":"https:\/\/www.idyllica.es\/en\/"},{"@type":"ListItem","position":2,"name":"Shop","item":"https:\/\/www.idyllica.es\/ca\/shop\/"},{"@type":"ListItem","position":3,"name":"Artadi El Pis\u00f3n 2015"}]},{"@type":"WebSite","@id":"https:\/\/www.idyllica.es\/#website","url":"https:\/\/www.idyllica.es\/","name":"Idyllica","description":"Otro sitio realizado con WordPress","potentialAction":[{"@type":"SearchAction","target":{"@type":"EntryPoint","urlTemplate":"https:\/\/www.idyllica.es\/?s={search_term_string}"},"query-input":{"@type":"PropertyValueSpecification","valueRequired":true,"valueName":"search_term_string"}}],"inLanguage":"ca"}]}},"_links":{"self":[{"href":"https:\/\/www.idyllica.es\/ca\/wp-json\/wp\/v2\/product\/8695","targetHints":{"allow":["GET"]}}],"collection":[{"href":"https:\/\/www.idyllica.es\/ca\/wp-json\/wp\/v2\/product"}],"about":[{"href":"https:\/\/www.idyllica.es\/ca\/wp-json\/wp\/v2\/types\/product"}],"replies":[{"embeddable":true,"href":"https:\/\/www.idyllica.es\/ca\/wp-json\/wp\/v2\/comments?post=8695"}],"wp:featuredmedia":[{"embeddable":true,"href":"https:\/\/www.idyllica.es\/ca\/wp-json\/wp\/v2\/media\/5914"}],"wp:attachment":[{"href":"https:\/\/www.idyllica.es\/ca\/wp-json\/wp\/v2\/media?parent=8695"}],"wp:term":[{"taxonomy":"product_brand","embeddable":true,"href":"https:\/\/www.idyllica.es\/ca\/wp-json\/wp\/v2\/product_brand?post=8695"},{"taxonomy":"product_cat","embeddable":true,"href":"https:\/\/www.idyllica.es\/ca\/wp-json\/wp\/v2\/product_cat?post=8695"},{"taxonomy":"product_tag","embeddable":true,"href":"https:\/\/www.idyllica.es\/ca\/wp-json\/wp\/v2\/product_tag?post=8695"}],"curies":[{"name":"wp","href":"https:\/\/api.w.org\/{rel}","templated":true}]}}

Artadi El Pisón 2015

<p>Vermell picota. Al nas destaquen les aromes florals, de fruita vermella i espècies. A la boca és equilibrat, bon volum i tanins dolços.</p>

<p>Artadi El Pisón és el primer vi parcel.lari del celler Artadi, plantat el 1945 a Laguardia (Rioja Alavesa), 100% amb Tempranillo. El celler de gestió familiar dirigit per en Juan Carlos López de Lacalle i els seus fills, va decidir sortir-se&#8217;n de la Denominació d&#8217;Origen Qualificada i seguir el seu camí com a &#8220;Vino de Álava-Laguardia&#8221;, al País Basc. Realitza la fermentació dins de bótes noves de roure francès de 500lts i descansa en roure entre 9 i 12 mesos</p>

<!-- This site is optimized with the Yoast SEO Premium plugin v24.6 (Yoast SEO v28.2) - https://yoast.com/product/yoast-seo-premium-wordpress/ -->
<title>Artadi El Pisón 2015 - Idyllica</title>
<meta name="robots" content="index, follow, max-snippet:-1, max-image-preview:large, max-video-preview:-1" />
<link rel="canonical" href="https://www.idyllica.es/ca/tienda/vins/negres/artadi-el-pison-2015/" />
<meta property="og:locale" content="ca_ES" />
<meta property="og:type" content="article" />
<meta property="og:title" content="Artadi El Pisón 2015" />
<meta property="og:description" content="Artadi El Pisón és el primer vi parcel.lari del celler Artadi, plantat el 1945 a Laguardia (Rioja Alavesa), 100% amb Tempranillo. El celler de gestió familiar dirigit per en Juan Carlos López de Lacalle i els seus fills, va decidir sortir-se&#039;n de la Denominació d&#039;Origen Qualificada i seguir el seu camí com a &quot;Vino de Álava-Laguardia&quot;, al País Basc. Realitza la fermentació dins de bótes noves de roure francès de 500lts i descansa en roure entre 9 i 12 mesos" />
<meta property="og:url" content="https://www.idyllica.es/ca/tienda/vins/negres/artadi-el-pison-2015/" />
<meta property="og:site_name" content="Idyllica" />
<meta property="article:modified_time" content="2024-06-11T08:14:50+00:00" />
<meta property="og:image" content="https://www.idyllica.es/wp-content/uploads/2022/06/el_pison_1.jpg" />
	<meta property="og:image:width" content="333" />
	<meta property="og:image:height" content="900" />
	<meta property="og:image:type" content="image/jpeg" />
<meta name="twitter:card" content="summary_large_image" />
<meta name="twitter:label1" content="Temps estimat de lectura" />
	<meta name="twitter:data1" content="1 minut" />
<script type="application/ld+json" class="yoast-schema-graph">{"@context":"https:\/\/schema.org","@graph":[{"@type":"WebPage","@id":"https:\/\/www.idyllica.es\/ca\/tienda\/vins\/negres\/artadi-el-pison-2015\/","url":"https:\/\/www.idyllica.es\/ca\/tienda\/vins\/negres\/artadi-el-pison-2015\/","name":"Artadi El Pisón 2015 - Idyllica","isPartOf":{"@id":"https:\/\/www.idyllica.es\/#website"},"primaryImageOfPage":{"@id":"https:\/\/www.idyllica.es\/ca\/tienda\/vins\/negres\/artadi-el-pison-2015\/#primaryimage"},"image":{"@id":"https:\/\/www.idyllica.es\/ca\/tienda\/vins\/negres\/artadi-el-pison-2015\/#primaryimage"},"thumbnailUrl":"https:\/\/www.idyllica.es\/wp-content\/uploads\/2022\/06\/el_pison_1.jpg","datePublished":"2023-04-24T17:04:56+00:00","dateModified":"2024-06-11T08:14:50+00:00","breadcrumb":{"@id":"https:\/\/www.idyllica.es\/ca\/tienda\/vins\/negres\/artadi-el-pison-2015\/#breadcrumb"},"inLanguage":"ca","potentialAction":[{"@type":"ReadAction","target":["https:\/\/www.idyllica.es\/ca\/tienda\/vins\/negres\/artadi-el-pison-2015\/"]}]},{"@type":"ImageObject","inLanguage":"ca","@id":"https:\/\/www.idyllica.es\/ca\/tienda\/vins\/negres\/artadi-el-pison-2015\/#primaryimage","url":"https:\/\/www.idyllica.es\/wp-content\/uploads\/2022\/06\/el_pison_1.jpg","contentUrl":"https:\/\/www.idyllica.es\/wp-content\/uploads\/2022\/06\/el_pison_1.jpg","width":333,"height":900,"caption":"Artadi El Pisón 2015"},{"@type":"BreadcrumbList","@id":"https:\/\/www.idyllica.es\/ca\/tienda\/vins\/negres\/artadi-el-pison-2015\/#breadcrumb","itemListElement":[{"@type":"ListItem","position":1,"name":"Portada","item":"https:\/\/www.idyllica.es\/en\/"},{"@type":"ListItem","position":2,"name":"Shop","item":"https:\/\/www.idyllica.es\/ca\/shop\/"},{"@type":"ListItem","position":3,"name":"Artadi El Pisón 2015"}]},{"@type":"WebSite","@id":"https:\/\/www.idyllica.es\/#website","url":"https:\/\/www.idyllica.es\/","name":"Idyllica","description":"Otro sitio realizado con WordPress","potentialAction":[{"@type":"SearchAction","target":{"@type":"EntryPoint","urlTemplate":"https:\/\/www.idyllica.es\/?s={search_term_string}"},"query-input":{"@type":"PropertyValueSpecification","valueRequired":true,"valueName":"search_term_string"}}],"inLanguage":"ca"}]}</script>
<!-- / Yoast SEO Premium plugin. -->

Artadi El Pisón 2015 - Idyllica

Artadi El Pisón és el primer vi parcel.lari del celler Artadi, plantat el 1945 a Laguardia (Rioja Alavesa), 100% amb Tempranillo. El celler de gestió familiar dirigit per en Juan Carlos López de Lacalle i els seus fills, va decidir sortir-se'n de la Denominació d'Origen Qualificada i seguir el seu camí com a "Vino de Álava-Laguardia", al País Basc. Realitza la fermentació dins de bótes noves de roure francès de 500lts i descansa en roure entre 9 i 12 mesos
