{"id":8835,"date":"2022-06-24T17:07:37","date_gmt":"2022-06-24T17:07:37","guid":{"rendered":"https:\/\/www.idyllica.es\/tienda\/Sense%20categoria\/victori-2\/"},"modified":"2023-06-29T20:28:41","modified_gmt":"2023-06-29T20:28:41","slug":"victorino-2018","status":"publish","type":"product","link":"https:\/\/www.idyllica.es\/ca\/tienda\/vins\/negres\/victorino-2018\/","title":{"rendered":"Victorino 2020"},"content":{"rendered":"<p>Vermell granat. Al nas destaquen les aromes a fruites negres, amb notes a brandi, esp\u00e8cies i minerals. A la boca \u00e9s potent, estructurat i crem\u00f3s.<\/p>\n","protected":false},"excerpt":{"rendered":"<p>Victorino  \u00e9s un vi negre crian\u00e7a provinent de Castella i Lle\u00f3, Espanya que cont\u00e9 Tinta de Toro. Descobreix Victorino  i altres vins del celler Teso La Monja a Idyllica &#8211; Els teus vins online.<\/p>\n","protected":false},"featured_media":6202,"comment_status":"open","ping_status":"closed","template":"","meta":[],"product_brand":[],"product_cat":[168,156],"product_tag":[],"class_list":["post-8835","product","type-product","status-publish","has-post-thumbnail","product_cat-negres","product_cat-vins","pa_bodega-teso-la-monja-ca","pa_envejecimiento-crianca","first","instock","taxable","shipping-taxable","purchasable","product-type-simple"],"acf":[],"yoast_head":"<!-- This site is optimized with the Yoast SEO Premium plugin v24.6 (Yoast SEO v28.2) - https:\/\/yoast.com\/product\/yoast-seo-premium-wordpress\/ -->\n<title>Victorino 2020 - Idyllica<\/title>\n<meta name=\"robots\" content=\"index, follow, max-snippet:-1, max-image-preview:large, max-video-preview:-1\" \/>\n<link rel=\"canonical\" href=\"https:\/\/www.idyllica.es\/tienda\/vinos\/tintos\/victorino-2018\/\" \/>\n<meta property=\"og:locale\" content=\"ca_ES\" \/>\n<meta property=\"og:type\" content=\"article\" \/>\n<meta property=\"og:title\" content=\"Victorino 2020\" \/>\n<meta property=\"og:description\" content=\"Victorino \u00e9s un vi negre crian\u00e7a provinent de Castella i Lle\u00f3, Espanya que cont\u00e9 Tinta de Toro. Descobreix Victorino i altres vins del celler Teso La Monja a Idyllica - Els teus vins online.\" \/>\n<meta property=\"og:url\" content=\"https:\/\/www.idyllica.es\/tienda\/vinos\/tintos\/victorino-2018\/\" \/>\n<meta property=\"og:site_name\" content=\"Idyllica\" \/>\n<meta property=\"article:modified_time\" content=\"2023-06-29T20:28:41+00:00\" \/>\n<meta property=\"og:image\" content=\"https:\/\/www.idyllica.es\/wp-content\/uploads\/2022\/06\/victorino_2_2.jpg\" \/>\n\t<meta property=\"og:image:width\" content=\"333\" \/>\n\t<meta property=\"og:image:height\" content=\"900\" \/>\n\t<meta property=\"og:image:type\" content=\"image\/jpeg\" \/>\n<meta name=\"twitter:card\" content=\"summary_large_image\" \/>\n<script type=\"application\/ld+json\" class=\"yoast-schema-graph\">{\"@context\":\"https:\\\/\\\/schema.org\",\"@graph\":[{\"@type\":\"WebPage\",\"@id\":\"https:\\\/\\\/www.idyllica.es\\\/tienda\\\/vinos\\\/tintos\\\/victorino-2018\\\/\",\"url\":\"https:\\\/\\\/www.idyllica.es\\\/tienda\\\/vinos\\\/tintos\\\/victorino-2018\\\/\",\"name\":\"Victorino 2020 - Idyllica\",\"isPartOf\":{\"@id\":\"https:\\\/\\\/www.idyllica.es\\\/#website\"},\"primaryImageOfPage\":{\"@id\":\"https:\\\/\\\/www.idyllica.es\\\/tienda\\\/vinos\\\/tintos\\\/victorino-2018\\\/#primaryimage\"},\"image\":{\"@id\":\"https:\\\/\\\/www.idyllica.es\\\/tienda\\\/vinos\\\/tintos\\\/victorino-2018\\\/#primaryimage\"},\"thumbnailUrl\":\"https:\\\/\\\/www.idyllica.es\\\/wp-content\\\/uploads\\\/2022\\\/06\\\/victorino_2_2.jpg\",\"datePublished\":\"2022-06-24T17:07:37+00:00\",\"dateModified\":\"2023-06-29T20:28:41+00:00\",\"breadcrumb\":{\"@id\":\"https:\\\/\\\/www.idyllica.es\\\/tienda\\\/vinos\\\/tintos\\\/victorino-2018\\\/#breadcrumb\"},\"inLanguage\":\"ca\",\"potentialAction\":[{\"@type\":\"ReadAction\",\"target\":[\"https:\\\/\\\/www.idyllica.es\\\/tienda\\\/vinos\\\/tintos\\\/victorino-2018\\\/\"]}]},{\"@type\":\"ImageObject\",\"inLanguage\":\"ca\",\"@id\":\"https:\\\/\\\/www.idyllica.es\\\/tienda\\\/vinos\\\/tintos\\\/victorino-2018\\\/#primaryimage\",\"url\":\"https:\\\/\\\/www.idyllica.es\\\/wp-content\\\/uploads\\\/2022\\\/06\\\/victorino_2_2.jpg\",\"contentUrl\":\"https:\\\/\\\/www.idyllica.es\\\/wp-content\\\/uploads\\\/2022\\\/06\\\/victorino_2_2.jpg\",\"width\":333,\"height\":900},{\"@type\":\"BreadcrumbList\",\"@id\":\"https:\\\/\\\/www.idyllica.es\\\/tienda\\\/vinos\\\/tintos\\\/victorino-2018\\\/#breadcrumb\",\"itemListElement\":[{\"@type\":\"ListItem\",\"position\":1,\"name\":\"Portada\",\"item\":\"https:\\\/\\\/www.idyllica.es\\\/en\\\/\"},{\"@type\":\"ListItem\",\"position\":2,\"name\":\"Shop\",\"item\":\"https:\\\/\\\/www.idyllica.es\\\/ca\\\/shop\\\/\"},{\"@type\":\"ListItem\",\"position\":3,\"name\":\"Victorino 2019\"}]},{\"@type\":\"WebSite\",\"@id\":\"https:\\\/\\\/www.idyllica.es\\\/#website\",\"url\":\"https:\\\/\\\/www.idyllica.es\\\/\",\"name\":\"Idyllica\",\"description\":\"Otro sitio realizado con WordPress\",\"potentialAction\":[{\"@type\":\"SearchAction\",\"target\":{\"@type\":\"EntryPoint\",\"urlTemplate\":\"https:\\\/\\\/www.idyllica.es\\\/?s={search_term_string}\"},\"query-input\":{\"@type\":\"PropertyValueSpecification\",\"valueRequired\":true,\"valueName\":\"search_term_string\"}}],\"inLanguage\":\"ca\"}]}<\/script>\n<!-- \/ Yoast SEO Premium plugin. -->","yoast_head_json":{"title":"Victorino 2020 - Idyllica","robots":{"index":"index","follow":"follow","max-snippet":"max-snippet:-1","max-image-preview":"max-image-preview:large","max-video-preview":"max-video-preview:-1"},"canonical":"https:\/\/www.idyllica.es\/tienda\/vinos\/tintos\/victorino-2018\/","og_locale":"ca_ES","og_type":"article","og_title":"Victorino 2020","og_description":"Victorino \u00e9s un vi negre crian\u00e7a provinent de Castella i Lle\u00f3, Espanya que cont\u00e9 Tinta de Toro. Descobreix Victorino i altres vins del celler Teso La Monja a Idyllica - Els teus vins online.","og_url":"https:\/\/www.idyllica.es\/tienda\/vinos\/tintos\/victorino-2018\/","og_site_name":"Idyllica","article_modified_time":"2023-06-29T20:28:41+00:00","og_image":[{"width":333,"height":900,"url":"https:\/\/www.idyllica.es\/wp-content\/uploads\/2022\/06\/victorino_2_2.jpg","type":"image\/jpeg"}],"twitter_card":"summary_large_image","schema":{"@context":"https:\/\/schema.org","@graph":[{"@type":"WebPage","@id":"https:\/\/www.idyllica.es\/tienda\/vinos\/tintos\/victorino-2018\/","url":"https:\/\/www.idyllica.es\/tienda\/vinos\/tintos\/victorino-2018\/","name":"Victorino 2020 - Idyllica","isPartOf":{"@id":"https:\/\/www.idyllica.es\/#website"},"primaryImageOfPage":{"@id":"https:\/\/www.idyllica.es\/tienda\/vinos\/tintos\/victorino-2018\/#primaryimage"},"image":{"@id":"https:\/\/www.idyllica.es\/tienda\/vinos\/tintos\/victorino-2018\/#primaryimage"},"thumbnailUrl":"https:\/\/www.idyllica.es\/wp-content\/uploads\/2022\/06\/victorino_2_2.jpg","datePublished":"2022-06-24T17:07:37+00:00","dateModified":"2023-06-29T20:28:41+00:00","breadcrumb":{"@id":"https:\/\/www.idyllica.es\/tienda\/vinos\/tintos\/victorino-2018\/#breadcrumb"},"inLanguage":"ca","potentialAction":[{"@type":"ReadAction","target":["https:\/\/www.idyllica.es\/tienda\/vinos\/tintos\/victorino-2018\/"]}]},{"@type":"ImageObject","inLanguage":"ca","@id":"https:\/\/www.idyllica.es\/tienda\/vinos\/tintos\/victorino-2018\/#primaryimage","url":"https:\/\/www.idyllica.es\/wp-content\/uploads\/2022\/06\/victorino_2_2.jpg","contentUrl":"https:\/\/www.idyllica.es\/wp-content\/uploads\/2022\/06\/victorino_2_2.jpg","width":333,"height":900},{"@type":"BreadcrumbList","@id":"https:\/\/www.idyllica.es\/tienda\/vinos\/tintos\/victorino-2018\/#breadcrumb","itemListElement":[{"@type":"ListItem","position":1,"name":"Portada","item":"https:\/\/www.idyllica.es\/en\/"},{"@type":"ListItem","position":2,"name":"Shop","item":"https:\/\/www.idyllica.es\/ca\/shop\/"},{"@type":"ListItem","position":3,"name":"Victorino 2019"}]},{"@type":"WebSite","@id":"https:\/\/www.idyllica.es\/#website","url":"https:\/\/www.idyllica.es\/","name":"Idyllica","description":"Otro sitio realizado con WordPress","potentialAction":[{"@type":"SearchAction","target":{"@type":"EntryPoint","urlTemplate":"https:\/\/www.idyllica.es\/?s={search_term_string}"},"query-input":{"@type":"PropertyValueSpecification","valueRequired":true,"valueName":"search_term_string"}}],"inLanguage":"ca"}]}},"_links":{"self":[{"href":"https:\/\/www.idyllica.es\/ca\/wp-json\/wp\/v2\/product\/8835","targetHints":{"allow":["GET"]}}],"collection":[{"href":"https:\/\/www.idyllica.es\/ca\/wp-json\/wp\/v2\/product"}],"about":[{"href":"https:\/\/www.idyllica.es\/ca\/wp-json\/wp\/v2\/types\/product"}],"replies":[{"embeddable":true,"href":"https:\/\/www.idyllica.es\/ca\/wp-json\/wp\/v2\/comments?post=8835"}],"wp:featuredmedia":[{"embeddable":true,"href":"https:\/\/www.idyllica.es\/ca\/wp-json\/wp\/v2\/media\/6202"}],"wp:attachment":[{"href":"https:\/\/www.idyllica.es\/ca\/wp-json\/wp\/v2\/media?parent=8835"}],"wp:term":[{"taxonomy":"product_brand","embeddable":true,"href":"https:\/\/www.idyllica.es\/ca\/wp-json\/wp\/v2\/product_brand?post=8835"},{"taxonomy":"product_cat","embeddable":true,"href":"https:\/\/www.idyllica.es\/ca\/wp-json\/wp\/v2\/product_cat?post=8835"},{"taxonomy":"product_tag","embeddable":true,"href":"https:\/\/www.idyllica.es\/ca\/wp-json\/wp\/v2\/product_tag?post=8835"}],"curies":[{"name":"wp","href":"https:\/\/api.w.org\/{rel}","templated":true}]}}

<p>Vermell granat. Al nas destaquen les aromes a fruites negres, amb notes a brandi, espècies i minerals. A la boca és potent, estructurat i cremós.</p>

<p>Victorino  és un vi negre criança provinent de Castella i Lleó, Espanya que conté Tinta de Toro. Descobreix Victorino  i altres vins del celler Teso La Monja a Idyllica &#8211; Els teus vins online.</p>

<!-- This site is optimized with the Yoast SEO Premium plugin v24.6 (Yoast SEO v28.2) - https://yoast.com/product/yoast-seo-premium-wordpress/ -->
<title>Victorino 2020 - Idyllica</title>
<meta name="robots" content="index, follow, max-snippet:-1, max-image-preview:large, max-video-preview:-1" />
<link rel="canonical" href="https://www.idyllica.es/tienda/vinos/tintos/victorino-2018/" />
<meta property="og:locale" content="ca_ES" />
<meta property="og:type" content="article" />
<meta property="og:title" content="Victorino 2020" />
<meta property="og:description" content="Victorino és un vi negre criança provinent de Castella i Lleó, Espanya que conté Tinta de Toro. Descobreix Victorino i altres vins del celler Teso La Monja a Idyllica - Els teus vins online." />
<meta property="og:url" content="https://www.idyllica.es/tienda/vinos/tintos/victorino-2018/" />
<meta property="og:site_name" content="Idyllica" />
<meta property="article:modified_time" content="2023-06-29T20:28:41+00:00" />
<meta property="og:image" content="https://www.idyllica.es/wp-content/uploads/2022/06/victorino_2_2.jpg" />
	<meta property="og:image:width" content="333" />
	<meta property="og:image:height" content="900" />
	<meta property="og:image:type" content="image/jpeg" />
<meta name="twitter:card" content="summary_large_image" />
<script type="application/ld+json" class="yoast-schema-graph">{"@context":"https:\/\/schema.org","@graph":[{"@type":"WebPage","@id":"https:\/\/www.idyllica.es\/tienda\/vinos\/tintos\/victorino-2018\/","url":"https:\/\/www.idyllica.es\/tienda\/vinos\/tintos\/victorino-2018\/","name":"Victorino 2020 - Idyllica","isPartOf":{"@id":"https:\/\/www.idyllica.es\/#website"},"primaryImageOfPage":{"@id":"https:\/\/www.idyllica.es\/tienda\/vinos\/tintos\/victorino-2018\/#primaryimage"},"image":{"@id":"https:\/\/www.idyllica.es\/tienda\/vinos\/tintos\/victorino-2018\/#primaryimage"},"thumbnailUrl":"https:\/\/www.idyllica.es\/wp-content\/uploads\/2022\/06\/victorino_2_2.jpg","datePublished":"2022-06-24T17:07:37+00:00","dateModified":"2023-06-29T20:28:41+00:00","breadcrumb":{"@id":"https:\/\/www.idyllica.es\/tienda\/vinos\/tintos\/victorino-2018\/#breadcrumb"},"inLanguage":"ca","potentialAction":[{"@type":"ReadAction","target":["https:\/\/www.idyllica.es\/tienda\/vinos\/tintos\/victorino-2018\/"]}]},{"@type":"ImageObject","inLanguage":"ca","@id":"https:\/\/www.idyllica.es\/tienda\/vinos\/tintos\/victorino-2018\/#primaryimage","url":"https:\/\/www.idyllica.es\/wp-content\/uploads\/2022\/06\/victorino_2_2.jpg","contentUrl":"https:\/\/www.idyllica.es\/wp-content\/uploads\/2022\/06\/victorino_2_2.jpg","width":333,"height":900},{"@type":"BreadcrumbList","@id":"https:\/\/www.idyllica.es\/tienda\/vinos\/tintos\/victorino-2018\/#breadcrumb","itemListElement":[{"@type":"ListItem","position":1,"name":"Portada","item":"https:\/\/www.idyllica.es\/en\/"},{"@type":"ListItem","position":2,"name":"Shop","item":"https:\/\/www.idyllica.es\/ca\/shop\/"},{"@type":"ListItem","position":3,"name":"Victorino 2019"}]},{"@type":"WebSite","@id":"https:\/\/www.idyllica.es\/#website","url":"https:\/\/www.idyllica.es\/","name":"Idyllica","description":"Otro sitio realizado con WordPress","potentialAction":[{"@type":"SearchAction","target":{"@type":"EntryPoint","urlTemplate":"https:\/\/www.idyllica.es\/?s={search_term_string}"},"query-input":{"@type":"PropertyValueSpecification","valueRequired":true,"valueName":"search_term_string"}}],"inLanguage":"ca"}]}</script>
<!-- / Yoast SEO Premium plugin. -->

Victorino és un vi negre criança provinent de Castella i Lleó, Espanya que conté Tinta de Toro. Descobreix Victorino i altres vins del celler Teso La Monja a Idyllica - Els teus vins online.
