{"id":8959,"date":"2022-06-24T17:09:32","date_gmt":"2022-06-24T17:09:32","guid":{"rendered":"https:\/\/www.idyllica.es\/tienda\/Sense%20categoria\/la-cova-del-contrador\/"},"modified":"2023-06-29T20:22:36","modified_gmt":"2023-06-29T20:22:36","slug":"la-cueva-del-contrador","status":"publish","type":"product","link":"https:\/\/www.idyllica.es\/ca\/tienda\/vins\/negres\/la-cueva-del-contrador\/","title":{"rendered":"La Cueva del Contador 2020"},"content":{"rendered":"<p>Vermell intens. Al nas destaquen les aromes a fruites vermelles i negres amb notes especiades, minerals i bals\u00e0mics. A la boca \u00e9s intensitat forta per\u00f2 equilibrat, amb final llarg i elegant.<\/p>\n","protected":false},"excerpt":{"rendered":"<p>La Cueva del Contrador  \u00e9s un vi negre crian\u00e7a provinent de Rioja, Espanya que cont\u00e9 Ull de Llebre. Descobreix La Cueva del Contador  i altres vins del celler Sierra Cantabria a Idyllica &#8211; Els teus vins online<\/p>\n","protected":false},"featured_media":15497,"comment_status":"open","ping_status":"closed","template":"","meta":[],"product_brand":[],"product_cat":[168,156],"product_tag":[],"class_list":["post-8959","product","type-product","status-publish","has-post-thumbnail","product_cat-negres","product_cat-vins","pa_bodega-serra-cantabria","pa_denominacion-de-origen-doca-rioja","pa_envejecimiento-crianca","pa_variedad-ull-de-llebre","first","instock","taxable","shipping-taxable","purchasable","product-type-simple"],"acf":[],"yoast_head":"<!-- This site is optimized with the Yoast SEO Premium plugin v24.6 (Yoast SEO v28.2) - https:\/\/yoast.com\/product\/yoast-seo-premium-wordpress\/ -->\n<title>La Cueva del Contador 2020 - Idyllica<\/title>\n<meta name=\"robots\" content=\"index, follow, max-snippet:-1, max-image-preview:large, max-video-preview:-1\" \/>\n<link rel=\"canonical\" href=\"https:\/\/www.idyllica.es\/tienda\/vinos\/tintos\/la-cueva-del-contrador\/\" \/>\n<meta property=\"og:locale\" content=\"ca_ES\" \/>\n<meta property=\"og:type\" content=\"article\" \/>\n<meta property=\"og:title\" content=\"La Cueva del Contador 2020\" \/>\n<meta property=\"og:description\" content=\"La Cueva del Contrador \u00e9s un vi negre crian\u00e7a provinent de Rioja, Espanya que cont\u00e9 Ull de Llebre. Descobreix La Cueva del Contador i altres vins del celler Sierra Cantabria a Idyllica - Els teus vins online\" \/>\n<meta property=\"og:url\" content=\"https:\/\/www.idyllica.es\/tienda\/vinos\/tintos\/la-cueva-del-contrador\/\" \/>\n<meta property=\"og:site_name\" content=\"Idyllica\" \/>\n<meta property=\"article:modified_time\" content=\"2023-06-29T20:22:36+00:00\" \/>\n<meta property=\"og:image\" content=\"https:\/\/www.idyllica.es\/wp-content\/uploads\/2022\/06\/cueva_del_contador.jpg\" \/>\n\t<meta property=\"og:image:width\" content=\"333\" \/>\n\t<meta property=\"og:image:height\" content=\"900\" \/>\n\t<meta property=\"og:image:type\" content=\"image\/jpeg\" \/>\n<meta name=\"twitter:card\" content=\"summary_large_image\" \/>\n<meta name=\"twitter:label1\" content=\"Temps estimat de lectura\" \/>\n\t<meta name=\"twitter:data1\" content=\"1 minut\" \/>\n<script type=\"application\/ld+json\" class=\"yoast-schema-graph\">{\"@context\":\"https:\\\/\\\/schema.org\",\"@graph\":[{\"@type\":\"WebPage\",\"@id\":\"https:\\\/\\\/www.idyllica.es\\\/tienda\\\/vinos\\\/tintos\\\/la-cueva-del-contrador\\\/\",\"url\":\"https:\\\/\\\/www.idyllica.es\\\/tienda\\\/vinos\\\/tintos\\\/la-cueva-del-contrador\\\/\",\"name\":\"La Cueva del Contador 2020 - Idyllica\",\"isPartOf\":{\"@id\":\"https:\\\/\\\/www.idyllica.es\\\/#website\"},\"primaryImageOfPage\":{\"@id\":\"https:\\\/\\\/www.idyllica.es\\\/tienda\\\/vinos\\\/tintos\\\/la-cueva-del-contrador\\\/#primaryimage\"},\"image\":{\"@id\":\"https:\\\/\\\/www.idyllica.es\\\/tienda\\\/vinos\\\/tintos\\\/la-cueva-del-contrador\\\/#primaryimage\"},\"thumbnailUrl\":\"https:\\\/\\\/www.idyllica.es\\\/wp-content\\\/uploads\\\/2022\\\/06\\\/cueva_del_contador.png\",\"datePublished\":\"2022-06-24T17:09:32+00:00\",\"dateModified\":\"2023-06-29T20:22:36+00:00\",\"breadcrumb\":{\"@id\":\"https:\\\/\\\/www.idyllica.es\\\/tienda\\\/vinos\\\/tintos\\\/la-cueva-del-contrador\\\/#breadcrumb\"},\"inLanguage\":\"ca\",\"potentialAction\":[{\"@type\":\"ReadAction\",\"target\":[\"https:\\\/\\\/www.idyllica.es\\\/tienda\\\/vinos\\\/tintos\\\/la-cueva-del-contrador\\\/\"]}]},{\"@type\":\"ImageObject\",\"inLanguage\":\"ca\",\"@id\":\"https:\\\/\\\/www.idyllica.es\\\/tienda\\\/vinos\\\/tintos\\\/la-cueva-del-contrador\\\/#primaryimage\",\"url\":\"https:\\\/\\\/www.idyllica.es\\\/wp-content\\\/uploads\\\/2022\\\/06\\\/cueva_del_contador.png\",\"contentUrl\":\"https:\\\/\\\/www.idyllica.es\\\/wp-content\\\/uploads\\\/2022\\\/06\\\/cueva_del_contador.png\",\"width\":333,\"height\":900},{\"@type\":\"BreadcrumbList\",\"@id\":\"https:\\\/\\\/www.idyllica.es\\\/tienda\\\/vinos\\\/tintos\\\/la-cueva-del-contrador\\\/#breadcrumb\",\"itemListElement\":[{\"@type\":\"ListItem\",\"position\":1,\"name\":\"Portada\",\"item\":\"https:\\\/\\\/www.idyllica.es\\\/en\\\/\"},{\"@type\":\"ListItem\",\"position\":2,\"name\":\"Shop\",\"item\":\"https:\\\/\\\/www.idyllica.es\\\/ca\\\/shop\\\/\"},{\"@type\":\"ListItem\",\"position\":3,\"name\":\"La Cueva del Contador 2019\"}]},{\"@type\":\"WebSite\",\"@id\":\"https:\\\/\\\/www.idyllica.es\\\/#website\",\"url\":\"https:\\\/\\\/www.idyllica.es\\\/\",\"name\":\"Idyllica\",\"description\":\"Otro sitio realizado con WordPress\",\"potentialAction\":[{\"@type\":\"SearchAction\",\"target\":{\"@type\":\"EntryPoint\",\"urlTemplate\":\"https:\\\/\\\/www.idyllica.es\\\/?s={search_term_string}\"},\"query-input\":{\"@type\":\"PropertyValueSpecification\",\"valueRequired\":true,\"valueName\":\"search_term_string\"}}],\"inLanguage\":\"ca\"}]}<\/script>\n<!-- \/ Yoast SEO Premium plugin. -->","yoast_head_json":{"title":"La Cueva del Contador 2020 - Idyllica","robots":{"index":"index","follow":"follow","max-snippet":"max-snippet:-1","max-image-preview":"max-image-preview:large","max-video-preview":"max-video-preview:-1"},"canonical":"https:\/\/www.idyllica.es\/tienda\/vinos\/tintos\/la-cueva-del-contrador\/","og_locale":"ca_ES","og_type":"article","og_title":"La Cueva del Contador 2020","og_description":"La Cueva del Contrador \u00e9s un vi negre crian\u00e7a provinent de Rioja, Espanya que cont\u00e9 Ull de Llebre. Descobreix La Cueva del Contador i altres vins del celler Sierra Cantabria a Idyllica - Els teus vins online","og_url":"https:\/\/www.idyllica.es\/tienda\/vinos\/tintos\/la-cueva-del-contrador\/","og_site_name":"Idyllica","article_modified_time":"2023-06-29T20:22:36+00:00","og_image":[{"width":333,"height":900,"url":"https:\/\/www.idyllica.es\/wp-content\/uploads\/2022\/06\/cueva_del_contador.jpg","type":"image\/jpeg"}],"twitter_card":"summary_large_image","twitter_misc":{"Temps estimat de lectura":"1 minut"},"schema":{"@context":"https:\/\/schema.org","@graph":[{"@type":"WebPage","@id":"https:\/\/www.idyllica.es\/tienda\/vinos\/tintos\/la-cueva-del-contrador\/","url":"https:\/\/www.idyllica.es\/tienda\/vinos\/tintos\/la-cueva-del-contrador\/","name":"La Cueva del Contador 2020 - Idyllica","isPartOf":{"@id":"https:\/\/www.idyllica.es\/#website"},"primaryImageOfPage":{"@id":"https:\/\/www.idyllica.es\/tienda\/vinos\/tintos\/la-cueva-del-contrador\/#primaryimage"},"image":{"@id":"https:\/\/www.idyllica.es\/tienda\/vinos\/tintos\/la-cueva-del-contrador\/#primaryimage"},"thumbnailUrl":"https:\/\/www.idyllica.es\/wp-content\/uploads\/2022\/06\/cueva_del_contador.png","datePublished":"2022-06-24T17:09:32+00:00","dateModified":"2023-06-29T20:22:36+00:00","breadcrumb":{"@id":"https:\/\/www.idyllica.es\/tienda\/vinos\/tintos\/la-cueva-del-contrador\/#breadcrumb"},"inLanguage":"ca","potentialAction":[{"@type":"ReadAction","target":["https:\/\/www.idyllica.es\/tienda\/vinos\/tintos\/la-cueva-del-contrador\/"]}]},{"@type":"ImageObject","inLanguage":"ca","@id":"https:\/\/www.idyllica.es\/tienda\/vinos\/tintos\/la-cueva-del-contrador\/#primaryimage","url":"https:\/\/www.idyllica.es\/wp-content\/uploads\/2022\/06\/cueva_del_contador.png","contentUrl":"https:\/\/www.idyllica.es\/wp-content\/uploads\/2022\/06\/cueva_del_contador.png","width":333,"height":900},{"@type":"BreadcrumbList","@id":"https:\/\/www.idyllica.es\/tienda\/vinos\/tintos\/la-cueva-del-contrador\/#breadcrumb","itemListElement":[{"@type":"ListItem","position":1,"name":"Portada","item":"https:\/\/www.idyllica.es\/en\/"},{"@type":"ListItem","position":2,"name":"Shop","item":"https:\/\/www.idyllica.es\/ca\/shop\/"},{"@type":"ListItem","position":3,"name":"La Cueva del Contador 2019"}]},{"@type":"WebSite","@id":"https:\/\/www.idyllica.es\/#website","url":"https:\/\/www.idyllica.es\/","name":"Idyllica","description":"Otro sitio realizado con WordPress","potentialAction":[{"@type":"SearchAction","target":{"@type":"EntryPoint","urlTemplate":"https:\/\/www.idyllica.es\/?s={search_term_string}"},"query-input":{"@type":"PropertyValueSpecification","valueRequired":true,"valueName":"search_term_string"}}],"inLanguage":"ca"}]}},"_links":{"self":[{"href":"https:\/\/www.idyllica.es\/ca\/wp-json\/wp\/v2\/product\/8959","targetHints":{"allow":["GET"]}}],"collection":[{"href":"https:\/\/www.idyllica.es\/ca\/wp-json\/wp\/v2\/product"}],"about":[{"href":"https:\/\/www.idyllica.es\/ca\/wp-json\/wp\/v2\/types\/product"}],"replies":[{"embeddable":true,"href":"https:\/\/www.idyllica.es\/ca\/wp-json\/wp\/v2\/comments?post=8959"}],"wp:featuredmedia":[{"embeddable":true,"href":"https:\/\/www.idyllica.es\/ca\/wp-json\/wp\/v2\/media\/15497"}],"wp:attachment":[{"href":"https:\/\/www.idyllica.es\/ca\/wp-json\/wp\/v2\/media?parent=8959"}],"wp:term":[{"taxonomy":"product_brand","embeddable":true,"href":"https:\/\/www.idyllica.es\/ca\/wp-json\/wp\/v2\/product_brand?post=8959"},{"taxonomy":"product_cat","embeddable":true,"href":"https:\/\/www.idyllica.es\/ca\/wp-json\/wp\/v2\/product_cat?post=8959"},{"taxonomy":"product_tag","embeddable":true,"href":"https:\/\/www.idyllica.es\/ca\/wp-json\/wp\/v2\/product_tag?post=8959"}],"curies":[{"name":"wp","href":"https:\/\/api.w.org\/{rel}","templated":true}]}}

<p>Vermell intens. Al nas destaquen les aromes a fruites vermelles i negres amb notes especiades, minerals i balsàmics. A la boca és intensitat forta però equilibrat, amb final llarg i elegant.</p>

<p>La Cueva del Contrador  és un vi negre criança provinent de Rioja, Espanya que conté Ull de Llebre. Descobreix La Cueva del Contador  i altres vins del celler Sierra Cantabria a Idyllica &#8211; Els teus vins online</p>

<!-- This site is optimized with the Yoast SEO Premium plugin v24.6 (Yoast SEO v28.2) - https://yoast.com/product/yoast-seo-premium-wordpress/ -->
<title>La Cueva del Contador 2020 - Idyllica</title>
<meta name="robots" content="index, follow, max-snippet:-1, max-image-preview:large, max-video-preview:-1" />
<link rel="canonical" href="https://www.idyllica.es/tienda/vinos/tintos/la-cueva-del-contrador/" />
<meta property="og:locale" content="ca_ES" />
<meta property="og:type" content="article" />
<meta property="og:title" content="La Cueva del Contador 2020" />
<meta property="og:description" content="La Cueva del Contrador és un vi negre criança provinent de Rioja, Espanya que conté Ull de Llebre. Descobreix La Cueva del Contador i altres vins del celler Sierra Cantabria a Idyllica - Els teus vins online" />
<meta property="og:url" content="https://www.idyllica.es/tienda/vinos/tintos/la-cueva-del-contrador/" />
<meta property="og:site_name" content="Idyllica" />
<meta property="article:modified_time" content="2023-06-29T20:22:36+00:00" />
<meta property="og:image" content="https://www.idyllica.es/wp-content/uploads/2022/06/cueva_del_contador.jpg" />
	<meta property="og:image:width" content="333" />
	<meta property="og:image:height" content="900" />
	<meta property="og:image:type" content="image/jpeg" />
<meta name="twitter:card" content="summary_large_image" />
<meta name="twitter:label1" content="Temps estimat de lectura" />
	<meta name="twitter:data1" content="1 minut" />
<script type="application/ld+json" class="yoast-schema-graph">{"@context":"https:\/\/schema.org","@graph":[{"@type":"WebPage","@id":"https:\/\/www.idyllica.es\/tienda\/vinos\/tintos\/la-cueva-del-contrador\/","url":"https:\/\/www.idyllica.es\/tienda\/vinos\/tintos\/la-cueva-del-contrador\/","name":"La Cueva del Contador 2020 - Idyllica","isPartOf":{"@id":"https:\/\/www.idyllica.es\/#website"},"primaryImageOfPage":{"@id":"https:\/\/www.idyllica.es\/tienda\/vinos\/tintos\/la-cueva-del-contrador\/#primaryimage"},"image":{"@id":"https:\/\/www.idyllica.es\/tienda\/vinos\/tintos\/la-cueva-del-contrador\/#primaryimage"},"thumbnailUrl":"https:\/\/www.idyllica.es\/wp-content\/uploads\/2022\/06\/cueva_del_contador.png","datePublished":"2022-06-24T17:09:32+00:00","dateModified":"2023-06-29T20:22:36+00:00","breadcrumb":{"@id":"https:\/\/www.idyllica.es\/tienda\/vinos\/tintos\/la-cueva-del-contrador\/#breadcrumb"},"inLanguage":"ca","potentialAction":[{"@type":"ReadAction","target":["https:\/\/www.idyllica.es\/tienda\/vinos\/tintos\/la-cueva-del-contrador\/"]}]},{"@type":"ImageObject","inLanguage":"ca","@id":"https:\/\/www.idyllica.es\/tienda\/vinos\/tintos\/la-cueva-del-contrador\/#primaryimage","url":"https:\/\/www.idyllica.es\/wp-content\/uploads\/2022\/06\/cueva_del_contador.png","contentUrl":"https:\/\/www.idyllica.es\/wp-content\/uploads\/2022\/06\/cueva_del_contador.png","width":333,"height":900},{"@type":"BreadcrumbList","@id":"https:\/\/www.idyllica.es\/tienda\/vinos\/tintos\/la-cueva-del-contrador\/#breadcrumb","itemListElement":[{"@type":"ListItem","position":1,"name":"Portada","item":"https:\/\/www.idyllica.es\/en\/"},{"@type":"ListItem","position":2,"name":"Shop","item":"https:\/\/www.idyllica.es\/ca\/shop\/"},{"@type":"ListItem","position":3,"name":"La Cueva del Contador 2019"}]},{"@type":"WebSite","@id":"https:\/\/www.idyllica.es\/#website","url":"https:\/\/www.idyllica.es\/","name":"Idyllica","description":"Otro sitio realizado con WordPress","potentialAction":[{"@type":"SearchAction","target":{"@type":"EntryPoint","urlTemplate":"https:\/\/www.idyllica.es\/?s={search_term_string}"},"query-input":{"@type":"PropertyValueSpecification","valueRequired":true,"valueName":"search_term_string"}}],"inLanguage":"ca"}]}</script>
<!-- / Yoast SEO Premium plugin. -->

La Cueva del Contrador és un vi negre criança provinent de Rioja, Espanya que conté Ull de Llebre. Descobreix La Cueva del Contador i altres vins del celler Sierra Cantabria a Idyllica - Els teus vins online
